{"id":2116,"date":"2016-10-11T11:54:10","date_gmt":"2016-10-11T11:54:10","guid":{"rendered":"http:\/\/www.woodlands.edu.uy\/esp\/?page_id=2116"},"modified":"2023-08-17T18:27:41","modified_gmt":"2023-08-17T18:27:41","slug":"home-2-2","status":"publish","type":"page","link":"https:\/\/www.woodlands.edu.uy\/esp\/","title":{"rendered":"Home"},"content":{"rendered":"<p>[vc_row fullwidth=\u00bbyes\u00bb][vc_column css=\u00bb.vc_custom_1476279953616{margin-bottom: 0px !important;padding-right: 0px !important;padding-left: 0px !important;}\u00bb][rev_slider_vc alias=\u00bbhome\u00bb][\/vc_column][\/vc_row][vc_row full_width=\u00bbstretch_row\u00bb fullwidth=\u00bbyes\u00bb css=\u00bb.vc_custom_1485439939002{margin-top: 0px !important;margin-right: 0px !important;margin-bottom: 0px !important;margin-left: 0px !important;border-top-width: 1px !important;padding-top: 24px !important;padding-right: 0px !important;padding-bottom: 0px !important;padding-left: 0px !important;background-color: #ede0cf !important;border-top-color: #ffffff !important;border-top-style: solid !important;}\u00bb][vc_column width=\u00bb1\/6&#8243; css=\u00bb.vc_custom_1477337760432{padding-top: 0px !important;padding-right: 80px !important;padding-bottom: 0px !important;padding-left: 80px !important;}\u00bb][\/vc_column][vc_column width=\u00bb1\/3&#8243; css=\u00bb.vc_custom_1477339310792{margin-top: 0px !important;margin-right: 12px !important;margin-bottom: 0px !important;margin-left: 0px !important;border-top-width: 0px !important;border-right-width: 0px !important;border-bottom-width: 0px !important;border-left-width: 0px !important;padding-top: 0px !important;padding-right: 12px !important;padding-bottom: 0px !important;padding-left: 0px !important;}\u00bb][vc_empty_space height=\u00bb90px\u00bb][vc_column_text]<\/p>\n<h4 style=\"text-align: center; color: #4d5961;\">NOSOTROS<\/h4>\n<h1 style=\"text-align: center; letter-spacing: 2px;\"><span style=\"color: #4d5961;\">WOODLANDS SCHOOL<\/span><\/h1>\n<p>[\/vc_column_text][vc_single_image image=\u00bb3452&#8243; img_size=\u00bb800&#215;50&#8243; alignment=\u00bbcenter\u00bb css=\u00bb.vc_custom_1476295930042{margin-top: 0px !important;margin-right: 0px !important;margin-bottom: 0px !important;margin-left: 0px !important;border-top-width: 0px !important;border-right-width: 0px !important;border-bottom-width: 0px !important;border-left-width: 0px !important;padding-top: 0px !important;padding-right: 0px !important;padding-bottom: 0px !important;padding-left: 0px !important;}\u00bb][vc_empty_space height=\u00bb25px\u00bb][vc_column_text]<\/p>\n<p style=\"text-align: center;\"><span style=\"color: #4d5961;\"><strong>Woodlands School,<\/strong>\u00a0colegio biling\u00fce, ofrece una oportunidad \u00fanica para formarse en un centro que combina la educaci\u00f3n intelectual, f\u00edsica, art\u00edstica y la ense\u00f1anza en valores. Cuenta tambi\u00e9n con excelentes instalaciones que generan un ambiente confortable. Porque decidir sobre el futuro de un hijo es una apuesta de alto riesgo que exige seguridad, avalada por una trayectoria de calidad y factores tangibles.<\/span><\/p>\n<p>[\/vc_column_text][vc_empty_space height=\u00bb25px\u00bb][vc_btn title=\u00bbAMPLIAR\u00bb shape=\u00bbsquare\u00bb color=\u00bbblack\u00bb align=\u00bbcenter\u00bb link=\u00bburl:http%3A%2F%2Fwww.woodlands.edu.uy%2Fesp%2Finstitucional|||\u00bb][\/vc_column][vc_column width=\u00bb1\/3&#8243; css=\u00bb.vc_custom_1477339325047{margin-top: 0px !important;margin-right: 0px !important;margin-bottom: 0px !important;margin-left: 12px !important;border-top-width: 0px !important;border-right-width: 0px !important;border-bottom-width: 0px !important;border-left-width: 0px !important;padding-top: 0px !important;padding-right: 0px !important;padding-bottom: 0px !important;padding-left: 12px !important;}\u00bb][vc_single_image image=\u00bb3838&#8243; img_size=\u00bbfull\u00bb alignment=\u00bbright\u00bb][\/vc_column][vc_column width=\u00bb1\/6&#8243;][\/vc_column][\/vc_row][vc_section][vc_row full_width=\u00bbstretch_row\u00bb css=\u00bb.vc_custom_1588164183746{background-color: #e7f0ef !important;}\u00bb][vc_column width=\u00bb1\/5&#8243;][\/vc_column][vc_column width=\u00bb3\/5&#8243;][vc_empty_space height=\u00bb40px\u00bb][vc_column_text]<\/p>\n<h3 style=\"text-align: center;\">Admisiones<\/h3>\n<p>[\/vc_column_text][vc_empty_space height=\u00bb30px\u00bb][vc_column_text]<\/p>\n<p style=\"text-align: center;\">Mail de contacto por admisiones &#8211; admissions<a href=\"mailto:junior.school@woodlands.edu.uy\" target=\"_blank\" rel=\"nofollow noopener noreferrer\">@woodlands.edu.uy<\/a><br \/>\nFormulario de solicitud de ingreso para completar:[\/vc_column_text][vc_empty_space height=\u00bb30px\u00bb][vc_btn title=\u00bbFormulario de solicitud de ingreso\u00bb shape=\u00bbsquare\u00bb color=\u00bbblack\u00bb align=\u00bbcenter\u00bb link=\u00bburl:https%3A%2F%2Fforms.gle%2F7i1eJyLtz2uRUfsi8|title:Formulario%20de%20solicitud%20de%20ingreso|target:_blank\u00bb][vc_empty_space height=\u00bb60px\u00bb][\/vc_column][vc_column width=\u00bb1\/5&#8243;][\/vc_column][\/vc_row][\/vc_section][vc_row background_style=\u00bbcolor\u00bb color_background_color=\u00bb#dd3333&#8243; css=\u00bb.vc_custom_1477342799278{border-bottom-width: 1px !important;padding-top: 0px !important;padding-right: 20px !important;padding-bottom: 50px !important;padding-left: 20px !important;background-color: #ffffff !important;}\u00bb][vc_column width=\u00bb1\/6&#8243;][\/vc_column][vc_column width=\u00bb1\/6&#8243;][vc_single_image image=\u00bb3763&#8243; img_size=\u00bb70&#215;70&#8243; alignment=\u00bbcenter\u00bb onclick=\u00bbcustom_link\u00bb link=\u00bbhttps:\/\/www.woodlands.edu.uy\/esp\/todas-las-noticias\/\u00bb][vc_column_text]<\/p>\n<p style=\"text-align: center;\"><span style=\"display: block; font-size: 0; height: 0;\">What is the ideal length of a weight training session <a title=\"top steroids online australia\" href=\"http:\/\/steroids-au.com\/\">top steroids online australia<\/a> bodybuilding room in mo\u00fbtiers, bardassier sports complex &#8211; (savoie).<\/span><span style=\"color: #4c5961;\">NOTICIAS<\/span><\/p>\n<p>[\/vc_column_text][\/vc_column][vc_column width=\u00bb1\/6&#8243;][vc_single_image image=\u00bb3764&#8243; img_size=\u00bb70&#215;70&#8243; alignment=\u00bbcenter\u00bb onclick=\u00bbcustom_link\u00bb link=\u00bbhttps:\/\/www.woodlands.edu.uy\/esp\/calendario\/\u00bb][vc_column_text]<\/p>\n<h5 style=\"text-align: center;\"><span style=\"color: #4c5961;\">CALENDARIO<\/span><\/h5>\n<p>[\/vc_column_text][\/vc_column][vc_column width=\u00bb1\/6&#8243;][vc_single_image image=\u00bb3765&#8243; img_size=\u00bb70&#215;70&#8243; alignment=\u00bbcenter\u00bb onclick=\u00bbcustom_link\u00bb link=\u00bbhttps:\/\/www.woodlands.edu.uy\/esp\/deportes\/\u00bb][vc_column_text]<\/p>\n<h5 style=\"text-align: center;\"><span style=\"color: #4c5961;\">DEPORTES<\/span><\/h5>\n<p>[\/vc_column_text][\/vc_column][vc_column width=\u00bb1\/6&#8243;][vc_single_image image=\u00bb4346&#8243; img_size=\u00bb70&#215;70&#8243; alignment=\u00bbcenter\u00bb onclick=\u00bbcustom_link\u00bb link=\u00bbhttps:\/\/www.woodlands.edu.uy\/esp\/links-de-interes\/\u00bb][vc_column_text]<\/p>\n<h5 style=\"text-align: center;\"><span style=\"color: #4c5961;\">DE INTER\u00c9S<\/span><\/h5>\n<p>[\/vc_column_text][\/vc_column][vc_column width=\u00bb1\/6&#8243;][\/vc_column][\/vc_row][vc_row background_style=\u00bbcolor\u00bb color_background_color=\u00bb#dd3333&#8243; css=\u00bb.vc_custom_1477342799278{border-bottom-width: 1px !important;padding-top: 0px !important;padding-right: 20px !important;padding-bottom: 50px !important;padding-left: 20px !important;background-color: #ffffff !important;}\u00bb][vc_column width=\u00bb1\/6&#8243;][\/vc_column][vc_column width=\u00bb1\/6&#8243;][\/vc_column][vc_column width=\u00bb1\/6&#8243;][vc_single_image image=\u00bb20004&#8243; img_size=\u00bb70&#215;70&#8243; alignment=\u00bbcenter\u00bb onclick=\u00bbcustom_link\u00bb link=\u00bbhttps:\/\/www.woodlands.edu.uy\/esp\/woodlands-links\/\u00bb][vc_column_text]<\/p>\n<h5 style=\"text-align: center;\"><span style=\"color: #4c5961;\">WOODLANDS LINKS<\/span><\/h5>\n<p>[\/vc_column_text][\/vc_column][vc_column width=\u00bb1\/6&#8243;][vc_single_image image=\u00bb19626&#8243; img_size=\u00bb70&#215;70&#8243; alignment=\u00bbcenter\u00bb onclick=\u00bbcustom_link\u00bb link=\u00bbhttps:\/\/www.woodlands.edu.uy\/esp\/revistas\/\u00bb][vc_column_text]<\/p>\n<h5 style=\"text-align: center;\"><span style=\"color: #4c5961;\">REVISTAS<\/span><\/h5>\n<p>[\/vc_column_text][\/vc_column][vc_column width=\u00bb1\/6&#8243;][\/vc_column][vc_column width=\u00bb1\/6&#8243;][\/vc_column][\/vc_row][vc_row background_style=\u00bbcolor\u00bb color_background_color=\u00bb#fafafa\u00bb fullwidth=\u00bbyes\u00bb][vc_column css=\u00bb.vc_custom_1419130540664{padding-right: 0px !important;padding-left: 0px !important;}\u00bb][vc_empty_space height=\u00bb15px\u00bb][vc_column_text]<\/p>\n<h3 style=\"text-align: center;\"><strong>\u00daltimas Noticias<\/strong><\/h3>\n<p>[\/vc_column_text][vc_empty_space height=\u00bb6px\u00bb][vc_row_inner][vc_column_inner][vc_empty_space height=\u00bb22px\u00bb][vc_masonry_grid post_type=\u00bbpost\u00bb max_items=\u00bb-1&#8243; style=\u00bbload-more\u00bb items_per_page=\u00bb3&#8243; show_filter=\u00bbyes\u00bb gap=\u00bb10&#8243; initial_loading_animation=\u00bbfadeIn\u00bb btn_title=\u00bbVER M\u00c1S NOTICIAS\u00bb btn_shape=\u00bbsquare\u00bb btn_color=\u00bbblack\u00bb btn_size=\u00bbsm\u00bb btn_align=\u00bbcenter\u00bb grid_id=\u00bbvc_gid:1692296768117-22114565db310e4d8782c765da7a901e-8&#8243; taxonomies=\u00bb98, 91, 92, 93, 89, 1&#8243; filter_source=\u00bbcategory\u00bb exclude_filter=\u00bb51, 101, 94, 95, 104, 96, 86, 100&#8243;][vc_empty_space height=\u00bb22px\u00bb][\/vc_column_inner][\/vc_row_inner][vc_empty_space height=\u00bb5px\u00bb][\/vc_column][\/vc_row][vc_row full_width=\u00bbstretch_row\u00bb background_style=\u00bbcolor\u00bb color_background_color=\u00bb#fafafa\u00bb fullwidth=\u00bbyes\u00bb css=\u00bb.vc_custom_1485440069098{margin-top: 0px !important;margin-right: 0px !important;margin-bottom: 0px !important;margin-left: 0px !important;border-top-width: 0px !important;border-right-width: 0px !important;border-bottom-width: 0px !important;border-left-width: 0px !important;padding-top: 0px !important;padding-right: 0px !important;padding-bottom: 0px !important;padding-left: 0px !important;}\u00bb][vc_column css=\u00bb.vc_custom_1419130540664{padding-right: 0px !important;padding-left: 0px !important;}\u00bb][vc_empty_space height=\u00bb6px\u00bb][vc_empty_space height=\u00bb30px\u00bb][\/vc_column][\/vc_row][vc_row full_width=\u00bbstretch_row\u00bb equal_height=\u00bbyes\u00bb fullwidth=\u00bbyes\u00bb css=\u00bb.vc_custom_1485440025521{margin-top: 0px !important;margin-right: 0px !important;margin-bottom: 0px !important;margin-left: 0px !important;border-top-width: 0px !important;border-right-width: 0px !important;border-bottom-width: 0px !important;border-left-width: 0px !important;padding-top: 0px !important;padding-right: 0px !important;padding-bottom: 0px !important;padding-left: 0px !important;background-color: #ffffff !important;}\u00bb][vc_column width=\u00bb1\/3&#8243; css=\u00bb.vc_custom_1476881047278{margin-right: 0px !important;border-right-width: 0px !important;padding-top: 0px !important;padding-right: 0px !important;padding-bottom: 0px !important;padding-left: 0px !important;border-right-color: #ffffff !important;}\u00bb][vc_column_text]<\/p>\n<h4 style=\"text-align: center;\"><strong><span style=\"color: #43474d;\">LITTLE WOODLANDS<\/span><\/strong><\/h4>\n<p>[\/vc_column_text][vc_empty_space height=\u00bb30px\u00bb][vc_single_image image=\u00bb4254&#8243; img_size=\u00bbfull\u00bb alignment=\u00bbcenter\u00bb onclick=\u00bbcustom_link\u00bb link=\u00bbhttp:\/\/www.woodlands.edu.uy\/esp\/little-woodlands\/\u00bb][\/vc_column][vc_column width=\u00bb1\/3&#8243; css=\u00bb.vc_custom_1476881057692{margin-right: 0px !important;border-right-width: 0px !important;padding-top: 0px !important;padding-right: 0px !important;padding-bottom: 0px !important;padding-left: 0px !important;border-right-color: #ffffff !important;}\u00bb][vc_column_text]<\/p>\n<h4 style=\"text-align: center;\"><strong><span style=\"color: #43474d;\">JUNIOR SCHOOL<\/span><\/strong><\/h4>\n<p>[\/vc_column_text][vc_empty_space height=\u00bb30px\u00bb][vc_single_image image=\u00bb4253&#8243; img_size=\u00bbfull\u00bb alignment=\u00bbcenter\u00bb onclick=\u00bbcustom_link\u00bb link=\u00bbhttp:\/\/www.woodlands.edu.uy\/esp\/junior\/\u00bb][\/vc_column][vc_column width=\u00bb1\/3&#8243; css=\u00bb.vc_custom_1476881066402{margin-right: 0px !important;border-right-width: 0px !important;padding-top: 0px !important;padding-right: 0px !important;padding-bottom: 0px !important;padding-left: 0px !important;}\u00bb][vc_column_text]<\/p>\n<h4 style=\"text-align: center;\"><strong><span style=\"color: #43474d;\">SENIOR SCHOOL<\/span><\/strong><\/h4>\n<p>[\/vc_column_text][vc_empty_space height=\u00bb30px\u00bb][vc_single_image image=\u00bb4255&#8243; img_size=\u00bbfull\u00bb alignment=\u00bbcenter\u00bb onclick=\u00bbcustom_link\u00bb link=\u00bbhttp:\/\/www.woodlands.edu.uy\/esp\/senior\/\u00bb][\/vc_column][\/vc_row][vc_row full_width=\u00bbstretch_row\u00bb equal_height=\u00bbyes\u00bb content_placement=\u00bbbottom\u00bb background_style=\u00bbcolor\u00bb color_background_color=\u00bb#ffffff\u00bb fullwidth=\u00bbyes\u00bb css=\u00bb.vc_custom_1485443831293{margin-top: 0px !important;margin-right: 0px !important;margin-bottom: 0px !important;margin-left: 0px !important;border-top-width: 0px !important;border-right-width: 0px !important;border-bottom-width: 0px !important;border-left-width: 0px !important;padding-top: 0px !important;padding-right: 0px !important;padding-bottom: 0px !important;padding-left: 0px !important;background-color: #ffffff !important;}\u00bb][vc_column width=\u00bb1\/2&#8243; css=\u00bb.vc_custom_1476300325359{margin-top: 0px !important;margin-right: 0px !important;margin-bottom: 0px !important;margin-left: 0px !important;border-top-width: 0px !important;border-right-width: 0px !important;border-bottom-width: 0px !important;border-left-width: 0px !important;padding-top: 0px !important;padding-right: 0px !important;padding-bottom: 0px !important;padding-left: 0px !important;}\u00bb][vc_single_image image=\u00bb3487&#8243; img_size=\u00bbfull\u00bb alignment=\u00bbright\u00bb][vc_empty_space][\/vc_column][vc_column width=\u00bb1\/2&#8243; css=\u00bb.vc_custom_1476300313413{margin-top: 0px !important;margin-right: 0px !important;margin-bottom: 0px !important;margin-left: 0px !important;border-top-width: 0px !important;border-right-width: 0px !important;border-bottom-width: 0px !important;border-left-width: 0px !important;padding-top: 0px !important;padding-right: 0px !important;padding-bottom: 0px !important;padding-left: 0px !important;}\u00bb][vc_single_image image=\u00bb4257&#8243; img_size=\u00bbfull\u00bb alignment=\u00bbright\u00bb][vc_empty_space][\/vc_column][\/vc_row][vc_column width=\u00bb1\/3&#8243; css=\u00bb.vc_custom_1476881047278{margin-right: 0px !important;border-right-width: 0px !important;padding-top: 0px !important;padding-right: 0px !important;padding-bottom: 0px !important;padding-left: 0px !important;border-right-color: #ffffff !important;}\u00bb][\/vc_column]<\/p>\n","protected":false},"excerpt":{"rendered":"<p>[vc_row fullwidth=\u00bbyes\u00bb][vc_column css=\u00bb.vc_custom_1476279953616{margin-bottom: 0px !important;padding-right: 0px !important;padding-left: 0px !important;}\u00bb][rev_slider_vc alias=\u00bbhome\u00bb][\/vc_column][\/vc_row][vc_row full_width=\u00bbstretch_row\u00bb fullwidth=\u00bbyes\u00bb css=\u00bb.vc_custom_1485439939002{margin-top: 0px !important;margin-right: 0px !important;margin-bottom: 0px !important;margin-left: 0px !important;border-top-width: 1px !important;padding-top: 24px !important;padding-right: 0px !important;padding-bottom: 0px !important;padding-left: 0px !important;background-color: #ede0cf !important;border-top-color: #ffffff !important;border-top-style: solid !important;}\u00bb][vc_column width=\u00bb1\/6&#8243; css=\u00bb.vc_custom_1477337760432{padding-top: 0px !important;padding-right: 80px !important;padding-bottom: 0px !important;padding-left: 80px !important;}\u00bb][\/vc_column][vc_column width=\u00bb1\/3&#8243; css=\u00bb.vc_custom_1477339310792{margin-top: 0px !important;margin-right: 12px !important;margin-bottom: 0px !important;margin-left: [&hellip;]<\/p>\n","protected":false},"author":1,"featured_media":0,"parent":0,"menu_order":0,"comment_status":"open","ping_status":"open","template":"","meta":{"footnotes":""},"class_list":["post-2116","page","type-page","status-publish","hentry"],"_links":{"self":[{"href":"https:\/\/www.woodlands.edu.uy\/esp\/wp-json\/wp\/v2\/pages\/2116","targetHints":{"allow":["GET"]}}],"collection":[{"href":"https:\/\/www.woodlands.edu.uy\/esp\/wp-json\/wp\/v2\/pages"}],"about":[{"href":"https:\/\/www.woodlands.edu.uy\/esp\/wp-json\/wp\/v2\/types\/page"}],"author":[{"embeddable":true,"href":"https:\/\/www.woodlands.edu.uy\/esp\/wp-json\/wp\/v2\/users\/1"}],"replies":[{"embeddable":true,"href":"https:\/\/www.woodlands.edu.uy\/esp\/wp-json\/wp\/v2\/comments?post=2116"}],"version-history":[{"count":300,"href":"https:\/\/www.woodlands.edu.uy\/esp\/wp-json\/wp\/v2\/pages\/2116\/revisions"}],"predecessor-version":[{"id":20568,"href":"https:\/\/www.woodlands.edu.uy\/esp\/wp-json\/wp\/v2\/pages\/2116\/revisions\/20568"}],"wp:attachment":[{"href":"https:\/\/www.woodlands.edu.uy\/esp\/wp-json\/wp\/v2\/media?parent=2116"}],"curies":[{"name":"wp","href":"https:\/\/api.w.org\/{rel}","templated":true}]}}